53.
206
Calculate the remainder when 478 is divided by 477.
1
Calculate the remainder when 21321 is divided by 15.
6
What is the remainder when 244902 is divided by 81629?
15
Calculate the remainder when 15740 is divided by 728.
452
Calculate the remainder when 91243 is divided by 24.
19
Calculate the remainder when 25648 is divided by 28.
0
What is the remainder when 3744 is divided by 1867?
10
What is the remainder when 14347 is divided by 26?
21
Calculate the remainder when 11493 is divided by 4.
1
Calculate the remainder when 375 is divided by 304.
71
What is the remainder when 81403 is divided by 10174?
11
Calculate the remainder when 12874 is divided by 6184.
506
What is the remainder when 62720 is divided by 30?
20
What is the remainder when 547690 is divided by 44?
22
What is the remainder when 116738 is divided by 12970?
8
What is the remainder when 79969 is divided by 54?
49
Calculate the remainder when 283609 is divided by 468.
1
What is the remainder when 1190 is divided by 391?
17
Calculate the remainder when 6411 is divided by 1064.
27
Calculate the remainder when 1008 is divided by 141.
21
Calculate the remainder when 55456 is divided by 711.
709
What is the remainder when 16091 is divided by 18?
17
Calculate the remainder when 22740 is divided by 96.
84
What is the remainder when 29839 is divided by 88?
7
Calculate the remainder when 285006 is divided by 109.
80
What is the remainder when 43858 is divided by 21926?
6
What is the remainder when 27270 is divided by 1187?
1156
What is the remainder when 4034 is divided by 1936?
162
What is the remainder when 390530 is divided by 460?
450
What is the remainder when 136883 is divided by 67?
2
Calculate the remainder when 197703 is divided by 104.
103
What is the remainder when 1341 is divided by 98?
67
What is the remainder when 116474 is divided by 41?
34
Calculate the remainder when 83011 is divided by 67.
65
Calculate the remainder when 19133 is divided by 86.
41
Calculate the remainder when 4360174 is divided by 18.
16
Calculate the remainder when 33746 is divided by 14.
6
What is the remainder when 137124 is divided by 137101?
23
What is the remainder when 60017 is divided by 17?
7
What is the remainder when 14963 is divided by 5?
3
What is the remainder when 34361 is divided by 1717?
21
Calculate the remainder when 4118 is divided by 159.
143
Calculate the remainder when 18680 is divided by 469.
389
Calculate the remainder when 8938 is divided by 406.
6
What is the remainder when 59137 is divided by 9?
7
Calculate the remainder when 6889 is divided by 392.
225
Calculate the remainder when 79955 is divided by 6.
5
Calculate the remainder when 105836 is divided by 45.
41
What is the remainder when 172342 is divided by 57402?
136
What is the remainder when 4544 is divided by 1462?
158
Calculate the remainder when 634 is divided by 560.
74
What is the remainder when 104111 is divided by 241?
240
What is the remainder when 42778 is divided by 162?
10
What is the remainder when 5858 is divided by 349?
274
Calculate the remainder when 545816 is divided by 182.
180
What is the remainder when 7637 is divided by 36?
5
What is the remainder when 115606 is divided by 18?
10
Calculate the remainder when 52076 is divided by 60.
56
Calculate the remainder when 42371 is divided by 5228.
547
Calculate the remainder when 63617 is divided by 23.
22
Calculate the remainder when 3157 is divided by 662.
509
What is the remainder when 5456 is divided by 1804?
44
Calculate the remainder when 102559 is divided by 34183.
10
What is the remainder when 6950 is divided by 128?
38
Calculate the remainder when 101901 is divided by 50.
1
Calculate the remainder when 37364 is divided by 9303.
152
What is the remainder when 4959858 is divided by 1653286?
0
What is the remainder when 39723 is divided by 2336?
11
Calculate the remainder when 272441 is divided by 676.
13
What is the remainder when 786736 is divided by 196681?
12
What is the remainder when 627527 is divided by 44?
43
What is the remainder when 841 is divided by 245?
106
Calculate the remainder when 1784 is divided by 866.
52
Calculate the remainder when 15229 is divided by 5063.
40
Calculate the remainder when 72536 is divided by 310.
306
What is the remainder when 49895 is divided by 894?
725
What is the remainder when 2402 is divided by 595?
22
What is the remainder when 2659 is divided by 173?
64
What is the remainder when 6558 is divided by 343?
41
What is the remainder when 71873 is divided by 1218?
11
What is the remainder when 89223 is divided by 9?
6
Calculate the remainder when 284 is divided by 83.
35
Calculate the remainder when 23535 is divided by 4.
3
What is the remainder when 1201 is divided by 563?
75
Calculate the remainder when 115548 is divided by 348.
12
Calculate the remainder when 4291 is divided by 50.
41
Calculate the remainder when 14285 is divided by 908.
665
What is the remainder when 43185 is divided by 21590?
5
Calculate the remainder when 14910 is divided by 745.
10
What is the remainder when 15224 is divided by 7534?
156
Calculate the remainder when 5447 is divided by 105.
92
What is the remainder when 16139 is divided by 268?
59
What is the remainder when 944638 is divided by 120?
118
Calculate the remainder when 21811 is divided by 63.
13
Calculate the remainder when 927 is divided by 327.
273
Calculate the remainder when 404410 is divided by 171.
166
Calculate the remainder when 32405 is divided by 491.
490
What is the remainder when 19916 is divided by 46?
44
What is the remainder when 208821 is divided by 791?
788
Calculate the remainder when 85741 is divided by 14285.
31
Calculate the remainder when 116506 is divided by 116496.
10
Calculate the remainder when 68130 is divided by 157.
149
Calculate the remainder when 1482 is divided by 31.
25
Calculate the remainder when 10052 is divided by 74.
62
Calculate the remainder when 47216 is divided by 125.
91
What is the remainder when 459 is divided by 149?
12
Calculate the remainder when 8458 is divided by 424.
402
What is the remainder when 60613 is divided by 8?
5
Calculate the remainder when 845 is divided by 121.
119
What is the remainder when 4836 is divided by 806?
0
Calculate the remainder when 16443 is divided by 1519.
1253
What is the remainder when 160255 is divided by 32?
31
Calculate the remainder when 130457 is divided by 130441.
16
Calculate the remainder when 249204 is divided by 449.
9
Calculate the remainder when 4144 is divided by 268.
124
Calculate the remainder when 52488 is divided by 264.
216
What is the remainder when 7995 is divided by 93?
90
Calculate the remainder when 764 is divided by 107.
15
Calculate the remainder when 13294 is divided by 663.
34
Calculate the remainder when 14498 is divided by 55.
33
What is the remainder when 391259 is divided by 1716?
11
Calculate the remainder when 323310 is divided by 139.
135
Calculate the remainder when 27803 is divided by 23.
19
What is the remainder when 8150 is divided by 164?
114
What is the remainder when 2587 is divided by 416?
91
Calculate the remainder when 901013 is divided by 328.
325
What is the remainder when 22056 is divided by 161?
160
Calculate the remainder when 11392 is divided by 98.
24
Calculate the remainder when 18813 is divided by 98.
95
What is the remainder when 82207 is divided by 1192?
1151
What is the remainder when 291202 is divided by 23?
22
What is the remainder when 150494 is divided by 3135?
14
Calculate the remainder when 37290 is divided by 518.
512
What is the remainder when 289 is divided by 120?
49
What is the remainder when 205516 is divided by 205512?
4
Calculate the remainder when 25763 is divided by 4935.
1088
Calculate the remainder when 238 is divided by 173.
65
What is the remainder when 8386 is divided by 109?
102
Calculate the remainder when 452364 is divided by 151.
119
What is the remainder when 20602 is divided by 68?
66
Calculate the remainder when 795807 is divided by 10.
7
What is the remainder when 23193 is divided by 11542?
109
What is the remainder when 58861 is divided by 17?
7
What is the remainder when 9190 is divided by 37?
14
Calculate the remainder when 4403 is divided by 867.
68
What is the remainder when 189568 is divided by 677?